 - 58*i - 765. Let z be c(-17). Calculate the greatest common divisor of z and 240.
30
Let x be ((-39)/26)/(2/(-4)). Suppose -2*n = v + 2*n - 64, 0 = 4*v + x*n - 204. Calculate the greatest common factor of v and 312.
24
Suppose 31*g - 8742 = -16*g. Calculate the highest common divisor of g and 1581.
93
Let q be (114/(-5))/((-885)/1475). What is the greatest common divisor of q and 12046?
38
Let y(w) = 6*w - w - 98 + w**2 + 2*w + 76. Let u be y(4). What is the highest common factor of u and 154?
22
Let p = -633 - -634. What is the greatest common factor of p and 269?
1
Suppose -5 = -15*g - 50. Let b be 2/(g/((-126)/12)). Calculate the greatest common divisor of 7 and b.
7
Let s(f) = 12*f**2 + 388*f - 80. Let k be s(-34). What is the greatest common divisor of 275 and k?
25
Suppose 0 = -416*r + 409*r + 56. Let f be (-2)/r - (497/(-4) + 2). Calculate the highest common factor of 61 and f.
61
Suppose -48*x - 48 = -816. Suppose 12 = 2*o + 2*r, -3*r + 6 = -0. Suppose 3*m - 2*m - o = 0. What is the highest common divisor of x and m?
4
Let x(c) = 3 - c - 1 + 0*c. Let y be x(14). Let d be ((-351)/y)/((-7)/(-28)). What is the greatest common divisor of 13 and d?
13
Let m = -1162 + 5815. What is the greatest common factor of 36 and m?
9
Let z = -147 - -149. Suppose 3*k - 13 - 23 = -f, -z*f = -k - 100. Calculate the highest common divisor of 6 and f.
6
Let p(i) = 8*i**2 + 10*i**2 + 10 - 19*i**2 - i. Let c be p(-5). Let v be 20/(-20) - c/2. Calculate the highest common factor of 4 and v.
4
Let h(m) = 16*m - 611. Let t be h(44). Let c(v) = 20*v**3 - 3*v + 1. Let i be c(2). Calculate the highest common factor of i and t.
31
Suppose -5*l + 23 = r, -r + 3 - 5 = 0. Suppose 0*z = -x - 2*z + 2, -5*z = -l. Let p be (-88 + (-2 - x))*2/(-4). What is the highest common factor of 180 and p?
45
Let b = 9 + -7. Suppose -t + 2*t = -b*i + 69, -2*i + 5*t = -87. Let d(p) = -4*p**2 + 20*p - 20. Let g be d(2). Calculate the greatest common factor of i and g.
4
Let k = -2642 - -2806. Suppose -4*m = 2*d - 18, 4*d = 2*d + 2. Calculate the highest common factor of k and m.
4
Suppose 4*k - 12 = 0, 4*r - 3*k - 470 = -5*k. What is the highest common factor of 18212 and r?
116
Suppose -2*p - 50 = -4*g, 2*g + p = 3*p + 22. What is the highest common divisor of g and 4340?
14
Let l be 2*6*6/4. Suppose 2*q - 2*s - 40 = 0, -2*s - 13 + 5 = 0. Let u = l - q. Calculate the highest common factor of u and 2.
2
Suppose -26*m + 4*m = -4114. Let a = m + -40. Suppose 21 = 5*t - 4*t. Calculate the highest common factor of a and t.
21
Suppose 210995 = 48*y + 211*y - 688253. Calculate the highest common factor of y and 336.
112
Suppose j = -t + 106, -33*t - 2*j - 523 = -38*t. Calculate the highest common divisor of 2135 and t.
35
Let k be (-36)/(-72) + (2012/20)/(4/570). Calculate the highest common divisor of k and 128.
128
Let r = -83 - -97. Suppose -23*j + 450 = -r*j. Calculate the highest common factor of j and 20.
10
Let w = 540 + -220. Suppose 3*q - w = -13*q. Calculate the greatest common factor of q and 65.
5
Suppose 132 + 328 = 5*o. Suppose 0 = -3*s - 5*p + 31 + 21, 5*s - o = -3*p. Let j(q) = -38*q. Let g be j(-1). What is the highest common factor of s and g?
19
Suppose 19*o = 2*b + 16*o - 89, 0 = -4*b + 4*o + 192. Calculate the greatest common divisor of 55 and b.
55
Suppose -3*r = -s - 94, 3*r - 86 = r - 4*s. Suppose -49*d + 12*d = 26*d - 378. Calculate the highest common divisor of d and r.
3
Suppose 0 = 4*n - 19 + 3, 24 = 4*k + 2*n. Let a be (2/(-3))/((-28)/(-3318)) + k. Let c = -69 - a. Calculate the highest common factor of 2 and c.
2
Suppose 3*m + 3*w = -0*m - 3, -2*m - w + 3 = 0. Suppose -d = m*r - 80, 3*d + 160 = 5*d + 3*r. Let l = 124 - d. What is the highest common factor of l and 22?
22
Let q(n) = -2*n**3 - 7*n**2 - 130*n - 834. Let u be q(-6). Suppose o - 178 = -5*c, c = -2*o - o + 30. What is the highest common divisor of c and u?
18
Suppose 2*z = -2*o - 2, -3*o - 4 = 4*z - 2. Suppose 26*x + 63 = 29*x. Suppose 19*b = x*b - 22. What is the greatest common factor of z and b?
1
Let s(c) = -885*c - 2621. Let u be s(-3). Calculate the greatest common divisor of 1020 and u.
34
Let r(b) = 18*b**2 + 11*b - 77. Let u(d) = 8*d**2 + 5*d - 39. Let t(k) = -2*r(k) + 5*u(k). Let q be t(6). What is the greatest common divisor of q and 22?
11
Suppose 0 = c + 2, -f - 4*c + 845 + 691 = 0. What is the greatest common divisor of 8 and f?
8
Let n be (-12)/(-3)*1 + 122. Let l be (3284/14)/2 - n/441. What is the highest common divisor of l and 27?
9
Suppose 290 = 2*v - 4*u, -3*u = -4*v - 0*v + 595. Let b = 255 - v. What is the highest common factor of b and 65?
13
Let h = -2974 - -3013. What is the highest common divisor of h and 1053?
39
Let i be 6/(-108)*-6*-33 - -722. Calculate the greatest common divisor of 3 and i.
3
Let l(z) = 3705*z**2 + 20*z - 20. Let k be l(1). What is the highest common factor of k and 195?
195
Suppose j + 3*t - 6*t - 17 = 0, 7 = 3*j + 2*t. Suppose -8*f + 676 = j*f. Let m = f - 31. Calculate the greatest common factor of 9 and m.
3
Let s be (-4)/(-6) - 88/(-12). Suppose 0 = 7*t + 44 - 88 - 96. Calculate the greatest common factor of t and s.
4
Let x = 24 - 21. Suppose h - 2*d - 750 = -3*h, x*d = 2*h - 369. Let w(l) = l**2 + 34*l - 213. Let c be w(-40). Calculate the greatest common divisor of h and c.
27
Suppose 233 = 3*r - 4*u, -146 = -2*r + 3*u + 11. What is the highest common factor of 19951 and r?
71
Let z = 81 + -73. Let f = -190 - -216. Calculate the highest common divisor of z and f.
2
Suppose 0 = -3*u - 9, -5*c + 297 = 3*u - 7*u. Let x = -51 + c. Let z be (x/(-15)*-5 - 1)*1. Calculate the greatest common factor of z and 2.
1
Let y = -19227 + 19247. What is the greatest common divisor of 73 and y?
1
Let i be 12 - (5 - 2) - -29. Calculate the greatest common divisor of 3914 and i.
38
Let l = -3470 + 4110. What is the greatest common divisor of l and 128?
128
Suppose 0 = -3*y - 38 + 32. Let m be (19/57)/(y/366). Let q = m + 69. Calculate the greatest common factor of 12 and q.
4
Suppose -2080 = -6*x - 20*x. Calculate the highest common divisor of 1240 and x.
40
Let f(q) = q**3 - 10*q**2 + 28*q - 3. Let d be f(6). Suppose 3*n = 3*v - 25 + 61, 0 = -4*v. What is the greatest common factor of d and n?
3
Suppose 3*o - 2*o = 2*o. Suppose o = -11*t + 137 - 49. Calculate the highest common divisor of 40 and t.
8
Suppose 6*f - 36864 = 2*r, -68*f + 65*f = -4*r - 18450. Calculate the greatest common factor of 498 and f.
166
Let f = -53839 + 76024. Let o be (f/(-30))/(-29) + 3/(-2). Calculate the highest common factor of o and 24.
24
Let k(c) = 14*c**2 - 3*c + 5. Let f be k(5). Suppose -7*z + f = -5*z. Let t be (7*3)/(51/z). Calculate the greatest common factor of 14 and t.
14
Suppose 48*s = 1355 + 2965. What is the highest common factor of 36 and s?
18
Suppose -s + 11 = -6. Let d(j) = j**2 - 6*j - 8. Let f be d(8). Let a be (1 - -407)/(-4)*(6 - f). What is the greatest common factor of s and a?
17
Suppose 6310 = 5*t + 4*s, 4*t - 5057 = -14*s + 9*s. What is the greatest common factor of t and 136?
34
Suppose 0 = 44*n - 220, 9*h + 5*n - 403 = 6*h. Let z be (-14)/(-1 - (-2 + 2)). What is the highest common factor of h and z?
14
Suppose c + 352 = 4*j, -4*j + 0*c + 356 = -2*c. What is the greatest common divisor of j and 2494?
29
Suppose -3*h + 59 = g - 58, -5*h + 3*g = -195. Suppose 5*w - 1765 = 5*k, 3*w - k - 1055 = -0*w. What is the highest common factor of w and h?
39
Let i = -2403 + 2415. What is the greatest common divisor of i and 348?
12
Suppose -2522 = -25*z + z - 578. What is the greatest common factor of 21 and z?
3
Let g = 12 + 7. Suppose -18 = 10*l - 16*l. Suppose l*s = -3*k + 621, 2*s + 11*k - 6*k = 408. What is the greatest common factor of s and g?
19
Let r(o) = 0*o**3 - 11*o**2 + 15 + 9*o + 5*o**3 - 3*o**3 - 3*o**3. Let q be r(-12). Let s = 96 - q. What is the greatest common divisor of s and 5?
5
Let a(o) = 3*o - 96. Let h be a(31). Let y(i) = i**3 + 7*i**2 - i - 15. Let c be y(h). What is the greatest common divisor of c and 192?
24
Let g = -8621 + 8701. What is the highest common divisor of 592 and g?
16
Suppose 13 + 23 = -2*z - 4*d, -z - 23 = 3*d. Let y(g) = 2 + 10 + 7 - 4*g - 3*g. Let t be y(z). What is the highest common divisor of 50 and t?
25
Suppose -2